number?
True
Is 25029567593 a prime number?
True
Is 84466121801 a composite number?
False
Is 13460319983 a prime number?
False
Is 35143007747 composite?
False
Is 174217597 a composite number?
False
Is 8485104071 a prime number?
True
Is 24793413653 prime?
True
Is 3353468971 a composite number?
False
Is 10059589909 prime?
True
Is 200565461 composite?
False
Is 12458764621 prime?
True
Is 46550326346 a composite number?
True
Is 25003890049 a composite number?
False
Is 162596872117 composite?
False
Is 476982347 composite?
False
Is 5497557997 a prime number?
True
Is 267184805941 prime?
True
Is 95036771 prime?
True
Is 3824908621 a prime number?
True
Is 78829363727 prime?
True
Is 4544790281 a composite number?
True
Is 9875119487 a prime number?
True
Is 366715673 prime?
False
Is 985328521 a composite number?
True
Is 617200673 prime?
True
Is 6467235547 a composite number?
False
Is 6977871137 composite?
True
Is 98719016959 prime?
False
Is 5029933037 composite?
False
Is 9536995803 prime?
False
Is 9565685098 prime?
False
Is 5764286873 a composite number?
False
Is 337734137 prime?
False
Is 10772604299 composite?
False
Is 2337599827 composite?
True
Is 1714465201 a composite number?
True
Is 1944774043 a composite number?
False
Is 5834211919 prime?
False
Is 60250566023 prime?
False
Is 175350883 composite?
True
Is 7113956719 a composite number?
True
Is 5052961339 prime?
False
Is 22839650013 a prime number?
False
Is 268679619701 composite?
False
Is 25203641 a composite number?
True
Is 60018887 composite?
False
Is 21855001 prime?
False
Is 697608083 composite?
False
Is 1215305359 prime?
False
Is 1068911339 prime?
True
Is 12083950643 prime?
False
Is 250263757 prime?
False
Is 12139397399 a composite number?
False
Is 89303535383 prime?
False
Is 9201424655 a prime number?
False
Is 66198808271 a composite number?
False
Is 703124681 prime?
False
Is 1662430147 composite?
True
Is 23409446999 prime?
False
Is 203009669371 a prime number?
True
Is 2198537533 a composite number?
True
Is 45825460279 composite?
True
Is 6994595693 composite?
True
Is 920789167 prime?
True
Is 1771196761 prime?
False
Is 539580803 a prime number?
True
Is 24371760659 composite?
False
Is 84783323039 a composite number?
False
Is 5722445167 a composite number?
False
Is 215348797 a composite number?
False
Is 32027189 prime?
True
Is 126247385711 composite?
True
Is 9107389513 a prime number?
True
Is 366336527 a prime number?
False
Is 398914283 composite?
False
Is 1577348677 a prime number?
False
Is 103347914201 composite?
True
Is 23516342833 prime?
True
Is 730862333 composite?
False
Is 91860514219 a composite number?
True
Is 731417173 a composite number?
False
Is 5409765287 composite?
True
Is 8683855447 composite?
False
Is 116284517 a prime number?
False
Is 234151783 prime?
False
Is 235118227 composite?
False
Is 48917230499 a prime number?
False
Is 6251712193 a composite number?
True
Is 3453045097 a composite number?
False
Is 1205340247 a composite number?
False
Is 10481005219 a prime number?
False
Is 723855239 composite?
True
Is 23657042947 prime?
True
Is 743515691 prime?
True
Is 26067916291 prime?
True
Is 25807861337 prime?
False
Is 114252382031 prime?
False
Is 4436259011 a prime number?
True
Is 1682591653 a composite number?
False
Is 401013961 a composite number?
True
Is 596004967 a composite number?
False
Is 7424799557 prime?
False
Is 6146697367 a prime number?
True
Is 55976761 composite?
True
Is 4165691107 prime?
True
Is 471753119 prime?
False
Is 3559243839 a composite number?
True
Is 1524349655 composite?
True
Is 1717435223 composite?
True
Is 52850855663 a prime number?
True
Is 700258297 a prime number?
True
Is 7222041011 a prime number?
False
Is 8183091017 a prime number?
True
Is 381616139 prime?
False
Is 1707886849 prime?
False
Is 1421985647 prime?
True
Is 732018571 a prime number?
False
Is 22874876029 composite?
True
Is 418864799087 composite?
True
Is 4735712567 a prime number?
False
Is 2614038577 a composite number?
False
Is 8277931979 a prime number?
True
Is 61385305034 a composite number?
True
Is 86783757509 a composite number?
False
Is 16732928723 a prime number?
False
Is 8030924551 a composite number?
True
Is 874784519 a composite number?
True
Is 10950538541 a composite number?
True
Is 10605378986 a composite number?
True
Is 24684043733 prime?
True
Is 8906201338 a composite number?
True
Is 56944563551 composite?
False
Is 16282105529 prime?
True
Is 72966258941 prime?
False
Is 12021128969 composite?
False
Is 359718449 a prime number?
True
Is 3591748911 a prime number?
False
Is 42390281731 composite?
True
Is 39984685687 a prime number?
True
Is 2079013219 prime?
False
Is 1928280971 a composite number?
True
Is 14235035237 prime?
True
Is 3754130453 a prime number?
True
Is 114308797 composite?
True
Is 92242711883 a composite number?
True
Is 12554747201 prime?
True
Is 240450503 composite?
False
Is 2197760377 prime?
False
Is 7767619861 a prime number?
True
Is 159671833 a composite number?
False
Is 2214927089 a prime number?
True
Is 120324689 a prime number?
True
Is 379231421 composite?
True
Is 381881441 a prime number?
False
Is 140544553 a composite number?
True
Is 139099577 composite?
True
Is 2937571519 a prime number?
True
Is 10723965893 a prime number?
False
Is 593924467 a prime number?
False
Is 35715181109 a prime number?
True
Is 568679659 prime?
False
Is 13324640237 a composite number?
True
Is 6980526061 composite?
False
Is 831265469 a prime number?
True
Is 11361566537 a composite number?
False
Is 28954231543 prime?
False
Is 1126459667 a prime number?
True
Is 8405479447 a composite number?
True
Is 165179329 composite?
True
Is 87843383 composite?
True
Is 4902109709 composite?
True
Is 91285657 a prime number?
False
Is 25033224277 composite?
True
Is 417871607 prime?
True
Is 2617807273 a composite number?
False
Is 93475154747 a prime number?
False
Is 170398811 a composite number?
True
Is 7190602271 prime?
True
Is 10791415823 composite?
True
Is 256168982743 composite?
False
Is 1703639143 prime?
False
Is 10694762761 a prime number?
True
Is 425504309 a composite number?
False
Is 2470460873 composite?
False
Is 3096460183 a prime number?
True
Is 3664003571 prime?
False
Is 10305022319 composite?
True
Is 721540931 prime?
True
Is 51714307967 composite?
True
Is 17215046111 a composite number?
False
Is 108058967 prime?
False
Is 19980452993 composite?
False
Is 5731936351 a composite number?
False
Is 1996151057 composite?
True
Is 1369796749 prime?
False
Is 35156249 composite?
False
Is 5101446101 a composite number?
False
Is 15077492317 a composite number?
True
Is 49141554653 composite?
False
Is 596132359 prime?
True
Is 15290930617 prime?
True
Is 732069007 composite?
False
Is 418309981 composite?
False
Is 4938263041 prime?
True
Is 2650373965 a prime number?
False
Is 213888029227 prime?
True
Is 41665180163 composite?
False
Is 25354514897 prime?
False
Is 134830229 composite?
False
Is 76304454799 a prime number?
True
Is 16188055745 composite?
True
Is 174522371 a prime number?
True
Is 2633697245 a composite number?
True
Is 6474170653 a composite number?
True
Is 6733878847 prime?
False
Is 2488581659 composite?
False
Is 13836265067 prime?
True
Is 41568050539 composite?
False
Is 2187980243 a prime number?
True
Is 877993345 a composite number?
True
Is 233893571 a composite number?
False
Is 582402958 prime?
False
Is 697792031 composite?
False
Is 22870553239 a composite number?
True
Is 65385259 composite?
False
Is 2245642103 a prime number?
True
Is 432056369 a composite number?
False
Is 1931475919 prime?
False
Is 9910817951 a composite number?
True
Is 22869833809 a composite number?
True
Is 1378832369 composite?
False
Is 1290804223 composite?
False
Is 10470788879 a composite number?
False
Is 8272469566 composite?
True
Is 1158346849 composite?
True
Is 3285028871 prime?
True
Is 5735780459 a prime number?
True
Is 1569522523 composite?
False
Is 64627775963 a composite number?
True
Is 63563081 composite?
True
Is 39943705093 a prime number?
False
Is 15238678087 a prime number?
True
Is 14415273047 a composite number?
True
Is 3735587459 composite?
False
Is 16433033489 a composite number?
False
Is 368766577 prime?
False
Is 119673680821 prime?
False
Is 210912742421 a composite number?
False
Is 2768170687 a prime number?
False
Is 